e the prime factors of 253956?
2, 3, 21163
What are the prime factors of 542057?
109, 4973
What are the prime factors of 1042272?
2, 3, 7, 11, 47
What are the prime factors of 5325449?
41, 193, 673
List the prime factors of 18562320.
2, 3, 5, 7, 29, 127
What are the prime factors of 1688238?
2, 3, 71, 1321
What are the prime factors of 2226418?
2, 71, 15679
What are the prime factors of 6959377?
19, 53, 6911
What are the prime factors of 134523?
3, 14947
What are the prime factors of 638433?
3, 70937
List the prime factors of 434046.
2, 3, 72341
What are the prime factors of 201735?
3, 5, 4483
List the prime factors of 7676911.
11, 17, 61, 673
List the prime factors of 495580.
2, 5, 71, 349
List the prime factors of 3792005.
5, 7, 108343
What are the prime factors of 154877?
154877
List the prime factors of 7121025.
3, 5, 31649
List the prime factors of 644070.
2, 3, 5, 7, 3067
List the prime factors of 3040686.
2, 3, 11, 5119
List the prime factors of 6894547.
11, 29, 21613
What are the prime factors of 601635?
3, 5, 19, 2111
List the prime factors of 328982.
2, 103, 1597
What are the prime factors of 158263?
7, 23, 983
List the prime factors of 3665387.
11, 17, 1153
List the prime factors of 11896286.
2, 5948143
What are the prime factors of 3103878?
2, 3, 19, 1433
What are the prime factors of 1710139?
1710139
List the prime factors of 76963.
76963
List the prime factors of 4110017.
4110017
List the prime factors of 322270.
2, 5, 13, 37, 67
What are the prime factors of 6664961?
6664961
List the prime factors of 605996.
2, 151499
List the prime factors of 195481.
11, 13, 1367
List the prime factors of 5080762.
2, 83, 127, 241
What are the prime factors of 2992605?
3, 5, 7, 11, 2591
What are the prime factors of 9057839?
7, 1293977
List the prime factors of 2865719.
61, 109, 431
List the prime factors of 87495.
3, 5, 19, 307
What are the prime factors of 647578?
2, 323789
What are the prime factors of 895200?
2, 3, 5, 373
What are the prime factors of 762625?
5, 6101
List the prime factors of 238988.
2, 59747
List the prime factors of 1072990.
2, 5, 61, 1759
List the prime factors of 439983.
3, 19, 31, 83
List the prime factors of 1180791.
3, 101, 433
What are the prime factors of 264573?
3, 41, 239
What are the prime factors of 66089?
66089
List the prime factors of 35707.
7, 5101
What are the prime factors of 521003?
7, 263, 283
What are the prime factors of 182496?
2, 3, 1901
List the prime factors of 872077.
872077
List the prime factors of 731559.
3, 43, 53, 107
List the prime factors of 441010.
2, 5, 44101
List the prime factors of 364239.
3, 40471
List the prime factors of 138024.
2, 3, 71
What are the prime factors of 1384416?
2, 3, 11, 19, 23
What are the prime factors of 480535?
5, 11, 8737
List the prime factors of 885937.
13, 23, 2963
List the prime factors of 117230.
2, 5, 19, 617
What are the prime factors of 3833523?
3, 251, 1697
What are the prime factors of 1747464?
2, 3, 17, 4283
What are the prime factors of 1965223?
13, 151171
List the prime factors of 1720069.
13, 132313
List the prime factors of 665244.
2, 3, 17, 1087
List the prime factors of 2209743.
3, 245527
What are the prime factors of 14560641?
3, 67, 2683
List the prime factors of 10514302.
2, 101, 52051
What are the prime factors of 3739659?
3, 7, 11, 16189
List the prime factors of 28166818.
2, 47, 79, 3793
List the prime factors of 250894.
2, 7, 17921
List the prime factors of 47758.
2, 23879
List the prime factors of 1251244.
2, 103, 3037
What are the prime factors of 462924?
2, 3, 7, 11, 167
What are the prime factors of 1455073?
47, 83, 373
List the prime factors of 417480.
2, 3, 5, 7, 71
List the prime factors of 2271761.
17, 133633
What are the prime factors of 517555?
5, 103511
What are the prime factors of 423320?
2, 5, 19, 557
List the prime factors of 273131.
273131
What are the prime factors of 1716989?
383, 4483
List the prime factors of 14609509.
14609509
What are the prime factors of 372577?
23, 97, 167
What are the prime factors of 798521?
798521
List the prime factors of 174259.
174259
What are the prime factors of 11148025?
5, 7, 63703
What are the prime factors of 59588?
2, 14897
What are the prime factors of 40156?
2, 10039
List the prime factors of 337325.
5, 103, 131
List the prime factors of 156560.
2, 5, 19, 103
List the prime factors of 255988.
2, 63997
List the prime factors of 1679305.
5, 53, 6337
List the prime factors of 627625.
5, 5021
List the prime factors of 4185025.
5, 13, 79, 163
List the prime factors of 258271.
13, 19867
List the prime factors of 155513.
41, 3793
What are the prime factors of 6292335?
3, 5, 7, 1223
List the prime factors of 7885965.
3, 5, 525731
List the prime factors of 378104.
2, 151, 313
List the prime factors of 902109.
3, 13, 23131
List the prime factors of 2628834.
2, 3, 13, 33703
What are the prime factors of 972073?
53, 18341
List the prime factors of 74675.
5, 29, 103
List the prime factors of 112752.
2, 3, 29
List the prime factors of 313389.
3, 53, 73
What are the prime factors of 4024921?
59, 68219
List the prime factors of 531059.
59, 9001
List the prime factors of 14300140.
2, 5, 199, 3593
List the prime factors of 934052.
2, 7, 33359
What are the prime factors of 1544844?
2, 3, 7, 53, 347
List the prime factors of 13014519.
3, 7, 619739
List the prime factors of 9582687.
3, 1064743
List the prime factors of 254496.
2, 3, 11, 241
What are the prime factors of 627066?
2, 3, 11, 3167
List the prime factors of 3781765.
5, 13, 73, 797
What are the prime factors of 561721?
127, 4423
List the prime factors of 746054.
2, 19, 29, 677
List the prime factors of 351581.
59, 101
List the prime factors of 609211.
239, 2549
What are the prime factors of 38042?
2, 23, 827
What are the prime factors of 582752?
2, 18211
List the prime factors of 420312.
2, 3, 83, 211
What are the prime factors of 1393298?
2, 811, 859
List the prime factors of 12090691.
2819, 4289
What are the prime factors of 128043?
3, 41, 347
What are the prime factors of 2648077?
29, 127, 719
List the prime factors of 466477.
11, 42407
What are the prime factors of 10122359?
13, 778643
What are the prime factors of 95811?
3, 109, 293
What are the prime factors of 2549528?
2, 318691
List the prime factors of 1972017.
3, 17, 12889
List the prime factors of 346514.
2, 7, 53, 467
List the prime factors of 223210.
2, 5, 13, 17, 101
What are the prime factors of 2764447?
7, 79, 4999
What are the prime factors of 20526?
2, 3, 11, 311
List the prime factors of 8899869.
3, 11, 37, 197
What are the prime factors of 502590?
2, 3, 5, 11, 1523
List the prime factors of 32133031.
7, 61, 75253
What are the prime factors of 18737473?
18737473
List the prime factors of 359126.
2, 179563
List the prime factors of 902228.
2, 59, 3823
What are the prime factors of 12240524?
2, 673, 4547
What are the prime factors of 46303?
19, 2437
What are the prime factors of 59100?
2, 3, 5, 197
List the prime factors of 1473167.
83, 17749
What are the prime factors of 88906?
2, 44453
List the prime factors of 589014.
2, 3, 43, 761
List the prime factors of 1006221.
3, 19, 127, 139
List the prime factors of 9722480.
2, 5, 121531
What are the prime factors of 5834780?
2, 5, 7, 71, 587
What are the prime factors of 10067136?
2, 3, 52433
What are the prime factors of 1308895?
5, 7, 37397
List the prime factors of 780361.
29, 71, 379
What are the prime factors of 2559496?
2, 319937
What are the prime factors of 2216194?
2, 71, 15607
What are the prime factors of 2031770?
2, 5, 13, 15629
What are the prime factors of 6439015?
5, 11, 29, 367
What are the prime factors of 328472?
2, 19, 2161
What are the prime factors of 9583672?
2, 7, 53, 3229
What are the prime factors of 60456?
2, 3, 11, 229
What are the prime factors of 6806147?
6806147
What are the prime factors of 2189762?
2, 1094881
What are the prime factors of 90624?
2, 3, 59
What are the prime factors of 1707320?
2, 5, 42683
What are the prime factors of 72898?
2, 7, 41, 127
What are the prime factors of 2286255?
3, 5, 152417
What are the prime factors of 360116?
2, 197, 457
List the prime factors of 9313780.
2, 5, 7, 71, 937
What are the prime factors of 182144?
2, 1423
List the prime factors of 262168.
2, 32771
List